y s?
6
Let a(t) = 5*t**2 + t - 5. Let y be a(-4). Let h = y + -62. What is the remainder when 19 is divided by h?
1
What is the remainder when ((-27)/12)/(30/(-1360)) is divided by 59?
43
Let c be 30/25*5/2. Suppose c*b - 4 = 5. Suppose 4*u = 5*x - 8, 2 = -3*u - 4*x + 27. Calculate the remainder when u is divided by b.
0
Let a(m) = 2*m**2 - 40*m + 293. Calculate the remainder when a(25) is divided by 13.
10
Suppose 49*y + 350 = 56*y. What is the remainder when y is divided by 14?
8
Let r(o) = -15*o - 1. Let s(z) = 23*z + 2. Let x(t) = 8*r(t) + 5*s(t). Calculate the remainder when x(-15) is divided by 20.
17
Suppose -2*v + 3*y + 4 = 0, -4*y + 0*y = 0. Let a be v/7 + 33/7. Suppose 4*i - g = 43, -i = -g + 6*g + a. Calculate the remainder when 28 is divided by i.
8
Let i = 1251 + -416. What is the remainder when i is divided by 76?
75
Let q = 1035 + -730. Let a(n) = 3*n**2 + 4*n - 4. Calculate the remainder when q is divided by a(-4).
25
Let p(v) = -v**3 + 14*v**2 + 15*v + 4. Let b be p(15). Suppose 4*w = 2*w - y + 90, 59 = w + b*y. Calculate the remainder when w is divided by 9.
7
Let s(a) = -a**3 - 5*a**2 - 5*a - 3. What is the remainder when 2 is divided by s(-4)?
0
Suppose h - 7 = -3*l, 0 = 5*h + 2*l - 7*l - 15. Suppose -2*r - 2*p = -56, -r - 2*p + 33 = -0*p. Let x = r + h. Calculate the remainder when x is divided by 14.
13
Let u(n) = -8*n - 12*n - n**2 - 12*n + 11*n - 55. What is the remainder when 73 is divided by u(-16)?
23
Suppose 3*a + a = 560. Suppose a = 6*f + 8*f. Let c(g) = g**3 + g + 39. What is the remainder when c(0) is divided by f?
9
Calculate the remainder when 268 is divided by ((-5751)/(-21))/3 - (-20)/(-70).
86
Let h = -34 - -37. Suppose -3*t + 31 = -3*g + 244, 0 = -h*t + 6. What is the remainder when g is divided by 19?
16
Suppose -23*w + 1987 + 6247 = 0. What is the remainder when w is divided by 36?
34
Let i = -8 + 26. What is the remainder when 25 is divided by i?
7
Suppose 21 = -3*l - 2*x - 1, 2*x - 34 = 4*l. Let m(z) = z**2 - 3*z + 9. What is the remainder when m(l) is divided by 20?
17
Calculate the remainder when 1 + 2 - -10 - (-5 - -11) is divided by 3.
1
Let c(o) = 2*o - 2 - 7*o - 18*o. Let u(a) = 14*a + 1. Calculate the remainder when c(-2) is divided by u(1).
14
Suppose -2 = -2*z + 5*j + 2, -10 = -5*z - j. Suppose -33 = -2*d - c + 21, 0 = 2*d + z*c - 58. What is the remainder when 99 is divided by d?
24
Let y = 9 - 4. Let f be 6/36 + 17/6. Suppose 49 = f*v - 2. Calculate the remainder when v is divided by y.
2
Suppose -5*s = -0 - 15. Suppose -430 = -s*g - 2*g. Calculate the remainder when g is divided by -6 - (-9776)/195 - (16/30)/4.
42
Suppose 109 = 2*m - 331. Calculate the remainder when m is divided by 19.
11
Let r = -65 - -72. Suppose 64 = r*b - 41. Calculate the remainder when 39 is divided by b.
9
Let q(d) = 4*d - 8. Let a(y) = 5*y - 7. Let t(j) = 5*a(j) - 4*q(j). Let z be t(1). Suppose z*p - 210 = -60. Calculate the remainder when p is divided by 14.
11
Suppose 3*a + 9 - 213 = 0. Suppose 2*t - a = -0*t. Calculate the remainder when t is divided by 10.
4
Let u = 100 + -110. Let o = -3 - -5. What is the remainder when o is divided by (-21)/u + 5/(-50)?
0
Calculate the remainder when 153 is divided by ((-78)/65 + -1)/(1/(-20)).
21
Suppose 7 - 11 = -2*s. Let c(o) = 5*o**3 - 4*o**2 + 5*o - 4. Calculate the remainder when 59 is divided by c(s).
29
Calculate the remainder when 590 is divided by -7 + 2 - (-78 - (8 + -7)).
72
Let p(a) = a + 2. Let y(d) = -2*d - 3. Let i(k) = -9*p(k) - 4*y(k). Let b be i(-4). What is the remainder when 31/(-1 - -2) - b is divided by 12?
9
Let k = -21 - -4. Let a = k + 22. What is the remainder when 23 is divided by a?
3
Let c(i) = -5*i + 1 + 11*i - 5*i - 6. Calculate the remainder when c(16) is divided by 3.
2
Suppose -4*z - 23 = -43. Suppose 3*x - z*q - 19 = 0, -x + 15 = -q + 6. Let j = -36 + 59. Calculate the remainder when j is divided by x.
10
Let y = -23 + 60. Suppose -6*s + 109 = -5*s. Calculate the remainder when s is divided by y.
35
Let m(b) = -51*b**3 + b**2 + 3*b - 3. Let i(v) = 25*v**3 - v + 1. Let g(y) = 5*i(y) + 2*m(y). What is the remainder when 47 is divided by g(1)?
22
Let f(d) = 7*d + 8. Suppose j + 15 = -5*l, 0 = 5*j + 5*l - 6 + 21. Suppose j*t = -2*t + 20. Calculate the remainder when f(t) is divided by 16.
14
Let s = 25 - 12. Let t = -673 + 720. Calculate the remainder when t is divided by s.
8
Suppose 0 = 4*x - 4*r + 28, -r = 4*x + 3*r + 4. What is the remainder when 6 is divided by x - ((-80)/(-2))/(-4)?
0
Calculate the remainder when (2/(-4))/((-6)/516) is divided by 16.
11
Let t(w) = -w**3 - 5*w**2 - w + 8. Calculate the remainder when t(-6) is divided by (1/8 - (-1265)/(-2760)) + 40/3.
11
Suppose 3*f = x + 11 - 1, 4*f + 5*x = 26. Suppose -186 = -f*t - 2*t. Suppose -4*l = -42 - 22. What is the remainder when t is divided by l?
15
Let t(n) = -n**3 + 6*n**2 - 7*n - 4. Let g be t(4). Suppose g = 2*j + 2*j - y - 21, -5*y = 5. What is the remainder when 6 is divided by j?
1
What is the remainder when 78 is divided by ((-768)/(-36))/(2/6)?
14
Let b = -10 + 16. What is the remainder when 3/15*-5 + 318/6 is divided by b?
4
Suppose -2*u - 430 = -12*u. What is the remainder when 509 is divided by u?
36
Suppose 49 = 4*f - 23. Let d = 467 + -399. What is the remainder when d is divided by f?
14
Suppose -q + 1232 = -w, 0 = 4*q - 42*w + 47*w - 4937. What is the remainder when q is divided by 19?
17
Let o = -5 + 8. Let q(m) = m + 2. Let h be q(o). Suppose 4*b = -8, h*d + 0*b - 117 = b. What is the remainder when 90 is divided by d?
21
Suppose -2*b - b + 9 = 0, 0 = -5*s + 2*b + 34. Suppose -5*t + 245 = -0*w - 3*w, 4*t - 3*w - 199 = 0. What is the remainder when t is divided by s?
6
Suppose 600 = 4*k - 5*l - 943, -k = 4*l - 391. What is the remainder when k is divided by 39?
36
Let r be 21/105 - 2/10. Suppose z - 41 = -4*j - j, -z + 3*j + 9 = r. What is the remainder when 80 is divided by z?
17
Suppose -1 = -d - 2*t + 1, d + 3*t = 1. Suppose -m - d*z - 9 = 0, m + m - z = 9. Suppose y + 8 = m*y. Calculate the remainder when 14 is divided by y.
2
Let x(v) = -2*v + 24. Suppose 7 - 167 = -4*r. Suppose q + r = 3*q. What is the remainder when x(-7) is divided by q?
18
Let y(t) = 51*t - 315. What is the remainder when y(9) is divided by 5?
4
Suppose -4*r + 3*p + 108 = 0, -2*r - 2*p = -r - 38. Calculate the remainder when r is divided by 16.
14
Let u(v) = -13*v + 9. Let z(c) = -2*c + 3. Let q be z(-4). Suppose 3*j - 25 - q = 0. Calculate the remainder when u(-1) is divided by j.
10
Suppose 3*j = -4*j + 84. What is the remainder when j is divided by 2?
0
Suppose 172 = -26*h + 952. Calculate the remainder when 119 is divided by h.
29
Suppose 3*p + 82*h - 241 = 87*h, 2*p - h = 163. What is the remainder when p is divided by 7?
5
Let t(k) = k**2 - 38*k - 370. What is the remainder when 417 is divided by t(-9)?
46
Suppose -3*m - 2 = -11. Suppose 28 = -m*w + 7*w. Suppose -4*g = -3*q + 6*q - 8, q - 3*g - w = 0. Calculate the remainder when 9 is divided by q.
1
Let l be (-4)/14 + 510/70. Suppose -l*n = -2*n - 15. Let a(q) = q**3 + 7*q**2 + 5*q - 3. What is the remainder when a(-6) is divided by n?
0
Calculate the remainder when 204 is divided by (-1*(-5)/(-5))/((-1)/41).
40
Suppose -5*i = a - 99, 2*i = a - 2*i - 54. Let q(k) = 16*k**2 + 4*k - 1. What is the remainder when a is divided by q(1)?
17
Let o = -8 + -10. Let g be ((-112)/(-12))/((-4)/o). Let i = 7 + g. Calculate the remainder when i is divided by 17.
15
Let m = 49 - 46. Calculate the remainder when 24 is divided by m.
0
Calculate the remainder when 18/(-78) - (-28809)/117 is divided by 3.
0
Let h(i) = i + 2. Let m = 1 + 4. Suppose m*j = 4*j + 7. What is the remainder when 15 is divided by h(j)?
6
Let l = -1 + 0. Let i(u) = -u**3 + 28*u**2 - 83*u + 1533. What is the remainder when l/4 + (-483)/(-12) is divided by i(27)?
19
Let p = 224 - 192. Calculate the remainder when p is divided by 25.
7
Suppose 5*o - 74 = -3*k, k - o = 19 + 11. Let d = 49 + 5. Calculate the remainder when d is divided by k.
26
Let f = 917 + -644. What is the remainder when f is divided by 23?
20
Suppose 4*v = 15 - 7. Suppose -135 = v*j - 7*j. Let x = j - 24. What is the remainder when 7 is divided by x?
1
Suppose t - 3*p = 20, -3*p - 12 = t - 32. Calculat